{"id":828,"date":"2021-08-16T15:08:02","date_gmt":"2021-08-16T18:08:02","guid":{"rendered":"https:\/\/www.festejo.art.br\/2022\/?page_id=828"},"modified":"2022-03-22T10:27:59","modified_gmt":"2022-03-22T13:27:59","slug":"imprensa","status":"publish","type":"page","link":"https:\/\/www.festejo.art.br\/2022\/imprensa\/","title":{"rendered":"Imprensa"},"content":{"rendered":"\t\t<div data-elementor-type=\"wp-page\" data-elementor-id=\"828\" class=\"elementor elementor-828\" data-elementor-settings=\"[]\">\n\t\t\t\t\t\t\t<div class=\"elementor-section-wrap\">\n\t\t\t\t\t\t\t<section class=\"elementor-section elementor-top-section elementor-element elementor-element-4fca988 elementor-section-height-min-height elementor-section-items-top elementor-section-boxed elementor-section-height-default\" data-id=\"4fca988\" data-element_type=\"section\" data-settings=\"{&quot;background_background&quot;:&quot;classic&quot;}\">\n\t\t\t\t\t\t<div class=\"elementor-container elementor-column-gap-no\">\n\t\t\t\t\t<div class=\"elementor-column elementor-col-33 elementor-top-column elementor-element elementor-element-65e7686\" data-id=\"65e7686\" data-element_type=\"column\">\n\t\t\t<div class=\"elementor-widget-wrap\">\n\t\t\t\t\t\t\t\t\t<\/div>\n\t\t<\/div>\n\t\t\t\t<div class=\"elementor-column elementor-col-33 elementor-top-column elementor-element elementor-element-3d0857c\" data-id=\"3d0857c\" data-element_type=\"column\" data-settings=\"{&quot;background_background&quot;:&quot;classic&quot;}\">\n\t\t\t<div class=\"elementor-widget-wrap elementor-element-populated\">\n\t\t\t\t\t\t\t\t<section class=\"elementor-section elementor-inner-section elementor-element elementor-element-aa632d4 elementor-section-height-min-height elementor-section-boxed elementor-section-height-default\" data-id=\"aa632d4\" data-element_type=\"section\">\n\t\t\t\t\t\t<div class=\"elementor-container elementor-column-gap-default\">\n\t\t\t\t\t<div class=\"elementor-column elementor-col-100 elementor-inner-column elementor-element elementor-element-57709f2\" data-id=\"57709f2\" data-element_type=\"column\">\n\t\t\t<div class=\"elementor-widget-wrap elementor-element-populated\">\n\t\t\t\t\t\t\t\t<div class=\"elementor-element elementor-element-4bc5183 elementor-hidden-desktop elementor-widget elementor-widget-image\" data-id=\"4bc5183\" data-element_type=\"widget\" data-widget_type=\"image.default\">\n\t\t\t\t<div class=\"elementor-widget-container\">\n\t\t\t\t\t\t\t\t\t\t\t\t\t\t\t<img loading=\"lazy\" decoding=\"async\" width=\"207\" height=\"300\" src=\"https:\/\/www.festejo.art.br\/2022\/wp-content\/uploads\/2021\/09\/logo-min.png\" class=\"attachment-large size-large\" alt=\"\" \/>\t\t\t\t\t\t\t\t\t\t\t\t\t\t\t<\/div>\n\t\t\t\t<\/div>\n\t\t\t\t<div class=\"elementor-element elementor-element-02de355 elementor-widget elementor-widget-heading\" data-id=\"02de355\" data-element_type=\"widget\" data-widget_type=\"heading.default\">\n\t\t\t\t<div class=\"elementor-widget-container\">\n\t\t\t<h2 class=\"elementor-heading-title elementor-size-default\"><strong>FESTEJO DO TAMBOR MINEIRO<\/strong> inaugura programa\u00e7\u00e3o de 2022 com o show <strong>TERREIRO ZEN<\/strong> online e gratuito\n<\/h2>\t\t<\/div>\n\t\t\t\t<\/div>\n\t\t\t\t<div class=\"elementor-element elementor-element-3410af7 elementor-widget elementor-widget-text-editor\" data-id=\"3410af7\" data-element_type=\"widget\" data-widget_type=\"text-editor.default\">\n\t\t\t\t<div class=\"elementor-widget-container\">\n\t\t\t\t\t\t\t<p><span style=\"font-weight: 300;\">No dia <\/span><b>26 de mar\u00e7o<\/b><span style=\"font-weight: 300;\">, s\u00e1bado, \u00e0s <\/span><b>21 horas<\/b><span style=\"font-weight: 300;\">, o <\/span><b>Festejo do Tambor Mineiro <\/b><span style=\"font-weight: 400;\">d\u00e1 in\u00edcio a <\/span><b>programa\u00e7\u00e3o online e gratuita <\/b><span style=\"font-weight: 400;\">de 2022 com TERREIRO ZEN. O espet\u00e1culo musical re\u00fane no palco Mauricio Tizumba, Renato Motha e Patricia Lobato. O show vai ser transmitido pelo <\/span><b>canal do Festejo do Tambor Mineiro <\/b><span style=\"font-weight: 400;\">no YouTube (youtube.com\/festejotambormineiro), <\/span><b>Facebook <\/b><span style=\"font-weight: 400;\">(facebook.com\/festejotambormineiro) e <\/span><b>Instagram <\/b><span style=\"font-weight: 400;\">(instagram.com\/festejotambormineiro).<\/span><\/p><p><span style=\"font-weight: 300;\">Idealizado por <\/span><b>Mauricio Tizumba<\/b><span style=\"font-weight: 300;\"> e <\/span><b>realizado desde 2002 <\/b><span style=\"font-weight: 300;\">nas ruas do bairro Prado, este \u00e9 o terceiro ano em que parte das atividades s\u00e3o realizadas em formato virtual em virtude da pandemia da covid-19. Reafirmando o compromisso de difus\u00e3o e valoriza\u00e7\u00e3o da cultura afro-mineira, o projeto prepara ainda para este ano outro m\u00eas de programa\u00e7\u00e3o \u2013 que deve ser realizado presencialmente no segundo semestre.\u00a0<\/span><\/p><p><b>Terreiro Zen<\/b><span style=\"font-weight: 300;\"> \u00e9 um di\u00e1logo musical constru\u00eddo com ricas e m\u00faltiplas trajet\u00f3rias art\u00edsticas. Com um repert\u00f3rio voltado para o cancioneiro afro-brasileiro, o show re\u00fane composi\u00e7\u00f5es autorais e uma grande variedade de can\u00e7\u00f5es de dom\u00ednio popular com arranjos originais. Canto e instrumenta\u00e7\u00e3o integram o terreiro e o zen, ritmo e harmonia, for\u00e7a e delicadeza.<\/span><\/p><p><span style=\"font-weight: 300;\">A programa\u00e7\u00e3o de mar\u00e7o do projeto Festejo Tambor Mineiro \u00e9 viabilizada por recursos do Fundo Estadual de Cultura.<\/span><\/p>\t\t\t\t\t\t<\/div>\n\t\t\t\t<\/div>\n\t\t\t\t<div class=\"elementor-element elementor-element-4a6c834 elementor-widget elementor-widget-heading\" data-id=\"4a6c834\" data-element_type=\"widget\" data-widget_type=\"heading.default\">\n\t\t\t\t<div class=\"elementor-widget-container\">\n\t\t\t<h2 class=\"elementor-heading-title elementor-size-default\">SOBRE O FESTEJO DO TAMBOR MINEIRO<\/h2>\t\t<\/div>\n\t\t\t\t<\/div>\n\t\t\t\t<div class=\"elementor-element elementor-element-408c22c elementor-widget elementor-widget-text-editor\" data-id=\"408c22c\" data-element_type=\"widget\" data-widget_type=\"text-editor.default\">\n\t\t\t\t<div class=\"elementor-widget-container\">\n\t\t\t\t\t\t\t<p><span style=\"font-weight: 300;\">Idealizado por Mauricio Tizumba e realizado desde 2002 nas ruas do bairro Prado, o Festejo do Tambor Mineiro \u00e9 hoje um dos principais festivais culturais da cidade. Com o objetivo de difundir e valorizar a cultura afro-mineira, re\u00fane anualmente guardas de congado de BH e do interior de Minas, grupos percussivos, grandes nomes da m\u00fasica afro-brasileira, feira de artesanato e de comidas, atraindo um p\u00fablico de cerca de 10 mil pessoas a cada edi\u00e7\u00e3o. O festival faz parte do calend\u00e1rio oficial de Belo Horizonte.<\/span><\/p><p><span style=\"font-weight: 300;\">Todos os anos, o Festejo do Tambor Mineiro\u200b tamb\u00e9m recolhe alimentos para somar \u00e0s festas das guardas. Em 2022, a a\u00e7\u00e3o continua: ser\u00e3o doadas cestas b\u00e1sicas para fortalecer os festejos de Irmandades do Ros\u00e1rio de BH e entorno.<\/span><\/p>\t\t\t\t\t\t<\/div>\n\t\t\t\t<\/div>\n\t\t\t\t<div class=\"elementor-element elementor-element-86d7af8 elementor-widget elementor-widget-heading\" data-id=\"86d7af8\" data-element_type=\"widget\" data-widget_type=\"heading.default\">\n\t\t\t\t<div class=\"elementor-widget-container\">\n\t\t\t<h2 class=\"elementor-heading-title elementor-size-default\">SERVI\u00c7O<\/h2>\t\t<\/div>\n\t\t\t\t<\/div>\n\t\t\t\t<div class=\"elementor-element elementor-element-5a2879c elementor-widget elementor-widget-text-editor\" data-id=\"5a2879c\" data-element_type=\"widget\" data-widget_type=\"text-editor.default\">\n\t\t\t\t<div class=\"elementor-widget-container\">\n\t\t\t\t\t\t\t<p><b>FESTEJO DO TAMBOR MINEIRO<\/b><span style=\"font-weight: 300;\"> . 2022<\/span><span style=\"font-weight: 300;\"><br \/><\/span><\/p><p><span style=\"font-weight: 300;\">TERREIRO ZEN, com Mauricio Tizumba, Renato Motha e Patricia Lobato<\/span><span style=\"font-weight: 300;\"><br \/><\/span><span style=\"font-weight: 300;\">26\/03, s\u00e1bado, 21 horas<\/span><span style=\"font-weight: 300;\"><br \/><\/span><span style=\"font-weight: 300;\">Online e gratuito pelo <\/span><b>canal do Festejo do Tambor Mineiro no YouTube<\/b><span style=\"font-weight: 300;\"> (<\/span><a href=\"http:\/\/youtube.com\/festejotambormineiro\"><span style=\"font-weight: 300;\">youtube.com\/festejotambormineiro<\/span><\/a><span style=\"font-weight: 300;\">)<\/span><\/p><p><span style=\"font-weight: 300;\">\u00a0<\/span><\/p>\t\t\t\t\t\t<\/div>\n\t\t\t\t<\/div>\n\t\t\t\t<div class=\"elementor-element elementor-element-e17fbb1 elementor-widget elementor-widget-button\" data-id=\"e17fbb1\" data-element_type=\"widget\" data-widget_type=\"button.default\">\n\t\t\t\t<div class=\"elementor-widget-container\">\n\t\t\t\t\t<div class=\"elementor-button-wrapper\">\n\t\t\t<a href=\"https:\/\/www.festejo.art.br\/2022\/\" class=\"elementor-button-link elementor-button elementor-size-sm\" role=\"button\">\n\t\t\t\t\t\t<span class=\"elementor-button-content-wrapper\">\n\t\t\t\t\t\t<span class=\"elementor-button-text\">Confira a programa\u00e7\u00e3o completa<\/span>\n\t\t<\/span>\n\t\t\t\t\t<\/a>\n\t\t<\/div>\n\t\t\t\t<\/div>\n\t\t\t\t<\/div>\n\t\t\t\t<div class=\"elementor-element elementor-element-729bd99 elementor-widget elementor-widget-heading\" data-id=\"729bd99\" data-element_type=\"widget\" data-widget_type=\"heading.default\">\n\t\t\t\t<div class=\"elementor-widget-container\">\n\t\t\t<h2 class=\"elementor-heading-title elementor-size-default\">Informa\u00e7\u00f5es para a imprensa - Luz Comunica\u00e7\u00e3o<\/h2>\t\t<\/div>\n\t\t\t\t<\/div>\n\t\t\t\t<div class=\"elementor-element elementor-element-2cd8116 elementor-widget elementor-widget-text-editor\" data-id=\"2cd8116\" data-element_type=\"widget\" data-widget_type=\"text-editor.default\">\n\t\t\t\t<div class=\"elementor-widget-container\">\n\t\t\t\t\t\t\t<p>Atendimento: Wandra Ara\u00fajo &#8211; luzcomunicacaoimprensa@gmail.com &#8211; 31 999645007<\/p><p>Coordena\u00e7\u00e3o: Jozane Faleiro &#8211; jozane@luzcomunicacao.com.br &#8211; 31 992046367<\/p><p><br \/><br \/><\/p>\t\t\t\t\t\t<\/div>\n\t\t\t\t<\/div>\n\t\t\t\t\t<\/div>\n\t\t<\/div>\n\t\t\t\t\t\t\t<\/div>\n\t\t<\/section>\n\t\t\t\t\t<\/div>\n\t\t<\/div>\n\t\t\t\t<div class=\"elementor-column elementor-col-33 elementor-top-column elementor-element elementor-element-d418589\" data-id=\"d418589\" data-element_type=\"column\">\n\t\t\t<div class=\"elementor-widget-wrap\">\n\t\t\t\t\t\t\t\t\t<\/div>\n\t\t<\/div>\n\t\t\t\t\t\t\t<\/div>\n\t\t<\/section>\n\t\t\t\t<section class=\"elementor-section elementor-top-section elementor-element elementor-element-206095f elementor-section-boxed elementor-section-height-default elementor-section-height-default\" data-id=\"206095f\" data-element_type=\"section\">\n\t\t\t\t\t\t<div class=\"elementor-container elementor-column-gap-default\">\n\t\t\t\t\t<div class=\"elementor-column elementor-col-100 elementor-top-column elementor-element elementor-element-6639da6\" data-id=\"6639da6\" data-element_type=\"column\">\n\t\t\t<div class=\"elementor-widget-wrap elementor-element-populated\">\n\t\t\t\t\t\t\t\t<div class=\"elementor-element elementor-element-b0822be elementor-shape-circle e-grid-align-right e-grid-align-mobile-left elementor-grid-0 elementor-widget elementor-widget-social-icons\" data-id=\"b0822be\" data-element_type=\"widget\" data-widget_type=\"social-icons.default\">\n\t\t\t\t<div class=\"elementor-widget-container\">\n\t\t\t\t\t<div class=\"elementor-social-icons-wrapper elementor-grid\">\n\t\t\t\t\t\t\t<span class=\"elementor-grid-item\">\n\t\t\t\t\t<a class=\"elementor-icon elementor-social-icon elementor-social-icon-facebook elementor-repeater-item-d533e3a\" href=\"https:\/\/www.facebook.com\/festejotambormineiro\/\" target=\"_blank\">\n\t\t\t\t\t\t<span class=\"elementor-screen-only\">Facebook<\/span>\n\t\t\t\t\t\t<i class=\"fab fa-facebook\"><\/i>\t\t\t\t\t<\/a>\n\t\t\t\t<\/span>\n\t\t\t\t\t\t\t<span class=\"elementor-grid-item\">\n\t\t\t\t\t<a class=\"elementor-icon elementor-social-icon elementor-social-icon-instagram elementor-repeater-item-a60936e\" href=\"https:\/\/www.instagram.com\/festejotambormineiro\/\" target=\"_blank\">\n\t\t\t\t\t\t<span class=\"elementor-screen-only\">Instagram<\/span>\n\t\t\t\t\t\t<i class=\"fab fa-instagram\"><\/i>\t\t\t\t\t<\/a>\n\t\t\t\t<\/span>\n\t\t\t\t\t\t\t<span class=\"elementor-grid-item\">\n\t\t\t\t\t<a class=\"elementor-icon elementor-social-icon elementor-social-icon-youtube elementor-repeater-item-b6eb838\" href=\"https:\/\/www.youtube.com\/festejotambormineiro\" target=\"_blank\">\n\t\t\t\t\t\t<span class=\"elementor-screen-only\">Youtube<\/span>\n\t\t\t\t\t\t<i class=\"fab fa-youtube\"><\/i>\t\t\t\t\t<\/a>\n\t\t\t\t<\/span>\n\t\t\t\t\t\t\t<span class=\"elementor-grid-item\">\n\t\t\t\t\t<a class=\"elementor-icon elementor-social-icon elementor-social-icon-envelope elementor-repeater-item-d431c3a\" href=\"mailto:festejo@napele.com.br\" target=\"_blank\">\n\t\t\t\t\t\t<span class=\"elementor-screen-only\">Envelope<\/span>\n\t\t\t\t\t\t<i class=\"fas fa-envelope\"><\/i>\t\t\t\t\t<\/a>\n\t\t\t\t<\/span>\n\t\t\t\t\t<\/div>\n\t\t\t\t<\/div>\n\t\t\t\t<\/div>\n\t\t\t\t<div class=\"elementor-element elementor-element-29c865f elementor-widget elementor-widget-text-editor\" data-id=\"29c865f\" data-element_type=\"widget\" data-widget_type=\"text-editor.default\">\n\t\t\t\t<div class=\"elementor-widget-container\">\n\t\t\t\t\t\t\t<p>festejo@napele.com.br<\/p>\t\t\t\t\t\t<\/div>\n\t\t\t\t<\/div>\n\t\t\t\t<div class=\"elementor-element elementor-element-3e3a594 elementor-hidden-phone elementor-widget elementor-widget-image\" data-id=\"3e3a594\" data-element_type=\"widget\" data-widget_type=\"image.default\">\n\t\t\t\t<div class=\"elementor-widget-container\">\n\t\t\t\t\t\t\t\t\t\t\t\t\t\t\t<img loading=\"lazy\" decoding=\"async\" width=\"800\" height=\"146\" src=\"https:\/\/www.festejo.art.br\/2022\/wp-content\/uploads\/2022\/03\/rodape-min.jpg\" class=\"attachment-large size-large\" alt=\"\" srcset=\"https:\/\/www.festejo.art.br\/2022\/wp-content\/uploads\/2022\/03\/rodape-min.jpg 900w, https:\/\/www.festejo.art.br\/2022\/wp-content\/uploads\/2022\/03\/rodape-min-300x55.jpg 300w, https:\/\/www.festejo.art.br\/2022\/wp-content\/uploads\/2022\/03\/rodape-min-768x140.jpg 768w\" sizes=\"(max-width: 800px) 100vw, 800px\" \/>\t\t\t\t\t\t\t\t\t\t\t\t\t\t\t<\/div>\n\t\t\t\t<\/div>\n\t\t\t\t<div class=\"elementor-element elementor-element-8ac6093 elementor-hidden-desktop elementor-hidden-tablet elementor-widget elementor-widget-image\" data-id=\"8ac6093\" data-element_type=\"widget\" data-widget_type=\"image.default\">\n\t\t\t\t<div class=\"elementor-widget-container\">\n\t\t\t\t\t\t\t\t\t\t\t\t\t\t\t<img loading=\"lazy\" decoding=\"async\" width=\"361\" height=\"460\" src=\"https:\/\/www.festejo.art.br\/2022\/wp-content\/uploads\/2022\/03\/rodape-mobile-min.jpg\" class=\"attachment-large size-large\" alt=\"\" srcset=\"https:\/\/www.festejo.art.br\/2022\/wp-content\/uploads\/2022\/03\/rodape-mobile-min.jpg 361w, https:\/\/www.festejo.art.br\/2022\/wp-content\/uploads\/2022\/03\/rodape-mobile-min-235x300.jpg 235w\" sizes=\"(max-width: 361px) 100vw, 361px\" \/>\t\t\t\t\t\t\t\t\t\t\t\t\t\t\t<\/div>\n\t\t\t\t<\/div>\n\t\t\t\t\t<\/div>\n\t\t<\/div>\n\t\t\t\t\t\t\t<\/div>\n\t\t<\/section>\n\t\t\t\t\t\t<\/div>\n\t\t\t\t\t<\/div>\n\t\t","protected":false},"excerpt":{"rendered":"<p>FESTEJO DO TAMBOR MINEIRO inaugura programa\u00e7\u00e3o de 2022 com o show TERREIRO ZEN online e gratuito No dia 26 de mar\u00e7o, s\u00e1bado, \u00e0s 21 horas, o Festejo do Tambor Mineiro d\u00e1 in\u00edcio a programa\u00e7\u00e3o online e gratuita de 2022 com TERREIRO ZEN. O espet\u00e1culo musical re\u00fane no palco Mauricio Tizumba, Renato Motha e Patricia Lobato. [&hellip;]<\/p>\n","protected":false},"author":1,"featured_media":0,"parent":0,"menu_order":0,"comment_status":"closed","ping_status":"closed","template":"elementor_header_footer","meta":{"footnotes":""},"_links":{"self":[{"href":"https:\/\/www.festejo.art.br\/2022\/wp-json\/wp\/v2\/pages\/828"}],"collection":[{"href":"https:\/\/www.festejo.art.br\/2022\/wp-json\/wp\/v2\/pages"}],"about":[{"href":"https:\/\/www.festejo.art.br\/2022\/wp-json\/wp\/v2\/types\/page"}],"author":[{"embeddable":true,"href":"https:\/\/www.festejo.art.br\/2022\/wp-json\/wp\/v2\/users\/1"}],"replies":[{"embeddable":true,"href":"https:\/\/www.festejo.art.br\/2022\/wp-json\/wp\/v2\/comments?post=828"}],"version-history":[{"count":40,"href":"https:\/\/www.festejo.art.br\/2022\/wp-json\/wp\/v2\/pages\/828\/revisions"}],"predecessor-version":[{"id":1220,"href":"https:\/\/www.festejo.art.br\/2022\/wp-json\/wp\/v2\/pages\/828\/revisions\/1220"}],"wp:attachment":[{"href":"https:\/\/www.festejo.art.br\/2022\/wp-json\/wp\/v2\/media?parent=828"}],"curies":[{"name":"wp","href":"https:\/\/api.w.org\/{rel}","templated":true}]}}