{"id":696,"date":"2021-08-16T12:42:05","date_gmt":"2021-08-16T15:42:05","guid":{"rendered":"http:\/\/www.festejo.art.br\/2021agosto\/?page_id=696"},"modified":"2021-08-17T13:59:34","modified_gmt":"2021-08-17T16:59:34","slug":"patrocinio","status":"publish","type":"page","link":"http:\/\/www.festejo.art.br\/2021agosto\/patrocinio\/","title":{"rendered":"Patroc\u00ednio"},"content":{"rendered":"\t\t<div data-elementor-type=\"wp-page\" data-elementor-id=\"696\" class=\"elementor elementor-696\" data-elementor-settings=\"[]\">\n\t\t\t\t\t\t\t<div class=\"elementor-section-wrap\">\n\t\t\t\t\t\t\t<section class=\"elementor-section elementor-top-section elementor-element elementor-element-4fca988 elementor-section-height-min-height elementor-section-items-top elementor-section-boxed elementor-section-height-default\" data-id=\"4fca988\" data-element_type=\"section\" data-settings=\"{&quot;background_background&quot;:&quot;classic&quot;}\">\n\t\t\t\t\t\t<div class=\"elementor-container elementor-column-gap-no\">\n\t\t\t\t\t<div class=\"elementor-column elementor-col-33 elementor-top-column elementor-element elementor-element-65e7686\" data-id=\"65e7686\" data-element_type=\"column\">\n\t\t\t<div class=\"elementor-widget-wrap\">\n\t\t\t\t\t\t\t\t\t<\/div>\n\t\t<\/div>\n\t\t\t\t<div class=\"elementor-column elementor-col-33 elementor-top-column elementor-element elementor-element-3d0857c\" data-id=\"3d0857c\" data-element_type=\"column\" data-settings=\"{&quot;background_background&quot;:&quot;classic&quot;}\">\n\t\t\t<div class=\"elementor-widget-wrap elementor-element-populated\">\n\t\t\t\t\t\t\t\t<section class=\"elementor-section elementor-inner-section elementor-element elementor-element-aa632d4 elementor-section-height-min-height elementor-section-boxed elementor-section-height-default\" data-id=\"aa632d4\" data-element_type=\"section\">\n\t\t\t\t\t\t<div class=\"elementor-container elementor-column-gap-default\">\n\t\t\t\t\t<div class=\"elementor-column elementor-col-100 elementor-inner-column elementor-element elementor-element-57709f2\" data-id=\"57709f2\" data-element_type=\"column\">\n\t\t\t<div class=\"elementor-widget-wrap elementor-element-populated\">\n\t\t\t\t\t\t\t\t<div class=\"elementor-element elementor-element-3eed4b5 elementor-hidden-desktop elementor-widget elementor-widget-image\" data-id=\"3eed4b5\" data-element_type=\"widget\" data-widget_type=\"image.default\">\n\t\t\t\t<div class=\"elementor-widget-container\">\n\t\t\t\t\t\t\t\t\t\t\t\t\t\t\t<img loading=\"lazy\" decoding=\"async\" width=\"207\" height=\"300\" src=\"http:\/\/www.festejo.art.br\/2021agosto\/wp-content\/uploads\/2021\/08\/logo-min.png\" class=\"attachment-large size-large\" alt=\"\" \/>\t\t\t\t\t\t\t\t\t\t\t\t\t\t\t<\/div>\n\t\t\t\t<\/div>\n\t\t\t\t<div class=\"elementor-element elementor-element-a53e7e7 elementor-widget elementor-widget-heading\" data-id=\"a53e7e7\" data-element_type=\"widget\" data-widget_type=\"heading.default\">\n\t\t\t\t<div class=\"elementor-widget-container\">\n\t\t\t<h2 class=\"elementor-heading-title elementor-size-default\">PATROC\u00cdNIO<\/h2>\t\t<\/div>\n\t\t\t\t<\/div>\n\t\t\t\t<div class=\"elementor-element elementor-element-cade422 elementor-widget elementor-widget-text-editor\" data-id=\"cade422\" data-element_type=\"widget\" data-widget_type=\"text-editor.default\">\n\t\t\t\t<div class=\"elementor-widget-container\">\n\t\t\t\t\t\t\t<p>A programa\u00e7\u00e3o de agosto de 2021 do <b>Festejo do Tambor Mineiro<\/b> \u00e9 viabilizada pelo <b>Pr\u00eamio Funarte Festivais de M\u00fasica 2020<\/b>.\u00a0<\/p><p>\u00a0<\/p><p><b>Sobre o Programa Funarte de Toda Gente<\/b><\/p><p>O Pr\u00eamio Funarte Festivais de M\u00fasica faz parte do Programa Funarte de Toda Gente, que re\u00fane diversas a\u00e7\u00f5es, em todas as \u00e1reas de alcance da Funarte \u2013 circo, m\u00fasica, dan\u00e7a, teatro, artes visuais e artes integradas. Iniciada em 2020, a iniciativa tem como foco a miss\u00e3o principal da institui\u00e7\u00e3o: incentivar a cadeia produtiva das artes brasileiras e levar as manifesta\u00e7\u00f5es art\u00edsticas todo o pa\u00eds, desenvolvendo um trabalho que possa contemplar todos os cidad\u00e3os.<\/p><p>\u00a0<\/p><p><b>Sobre a Funarte<\/b><\/p><p>Criada em 1975, a Funda\u00e7\u00e3o Nacional de Artes \u2013 Funarte \u00e9 o \u00f3rg\u00e3o do Governo Federal brasileiro cuja miss\u00e3o \u00e9 promover e incentivar a produ\u00e7\u00e3o, a pr\u00e1tica, o desenvolvimento e a difus\u00e3o das artes no pa\u00eds. \u00c9 respons\u00e1vel pelas pol\u00edticas p\u00fablicas federais de est\u00edmulo \u00e0 atividade produtiva art\u00edstica brasileiras; e atua para que a popula\u00e7\u00e3o possa cada vez mais usufruir das artes.\u00a0<\/p>\t\t\t\t\t\t<\/div>\n\t\t\t\t<\/div>\n\t\t\t\t\t<\/div>\n\t\t<\/div>\n\t\t\t\t\t\t\t<\/div>\n\t\t<\/section>\n\t\t\t\t\t<\/div>\n\t\t<\/div>\n\t\t\t\t<div class=\"elementor-column elementor-col-33 elementor-top-column elementor-element elementor-element-d418589\" data-id=\"d418589\" data-element_type=\"column\">\n\t\t\t<div class=\"elementor-widget-wrap\">\n\t\t\t\t\t\t\t\t\t<\/div>\n\t\t<\/div>\n\t\t\t\t\t\t\t<\/div>\n\t\t<\/section>\n\t\t\t\t<section class=\"elementor-section elementor-top-section elementor-element elementor-element-b4e81e8 elementor-section-boxed elementor-section-height-default elementor-section-height-default\" data-id=\"b4e81e8\" data-element_type=\"section\">\n\t\t\t\t\t\t<div class=\"elementor-container elementor-column-gap-default\">\n\t\t\t\t\t<div class=\"elementor-column elementor-col-100 elementor-top-column elementor-element elementor-element-976940a\" data-id=\"976940a\" data-element_type=\"column\">\n\t\t\t<div class=\"elementor-widget-wrap elementor-element-populated\">\n\t\t\t\t\t\t\t\t<div class=\"elementor-element elementor-element-b9bbc56 elementor-shape-circle e-grid-align-right e-grid-align-mobile-left elementor-grid-0 elementor-widget elementor-widget-social-icons\" data-id=\"b9bbc56\" data-element_type=\"widget\" data-widget_type=\"social-icons.default\">\n\t\t\t\t<div class=\"elementor-widget-container\">\n\t\t\t\t\t<div class=\"elementor-social-icons-wrapper elementor-grid\">\n\t\t\t\t\t\t\t<span class=\"elementor-grid-item\">\n\t\t\t\t\t<a class=\"elementor-icon elementor-social-icon elementor-social-icon-facebook elementor-repeater-item-d533e3a\" href=\"https:\/\/www.facebook.com\/burlantins\" target=\"_blank\">\n\t\t\t\t\t\t<span class=\"elementor-screen-only\">Facebook<\/span>\n\t\t\t\t\t\t<i class=\"fab fa-facebook\"><\/i>\t\t\t\t\t<\/a>\n\t\t\t\t<\/span>\n\t\t\t\t\t\t\t<span class=\"elementor-grid-item\">\n\t\t\t\t\t<a class=\"elementor-icon elementor-social-icon elementor-social-icon-instagram elementor-repeater-item-a60936e\" href=\"https:\/\/www.instagram.com\/ciaburlantins\/\" target=\"_blank\">\n\t\t\t\t\t\t<span class=\"elementor-screen-only\">Instagram<\/span>\n\t\t\t\t\t\t<i class=\"fab fa-instagram\"><\/i>\t\t\t\t\t<\/a>\n\t\t\t\t<\/span>\n\t\t\t\t\t\t\t<span class=\"elementor-grid-item\">\n\t\t\t\t\t<a class=\"elementor-icon elementor-social-icon elementor-social-icon-youtube elementor-repeater-item-b6eb838\" href=\"https:\/\/www.youtube.com\/ciaburlantins\" target=\"_blank\">\n\t\t\t\t\t\t<span class=\"elementor-screen-only\">Youtube<\/span>\n\t\t\t\t\t\t<i class=\"fab fa-youtube\"><\/i>\t\t\t\t\t<\/a>\n\t\t\t\t<\/span>\n\t\t\t\t\t\t\t<span class=\"elementor-grid-item\">\n\t\t\t\t\t<a class=\"elementor-icon elementor-social-icon elementor-social-icon-envelope elementor-repeater-item-d431c3a\" href=\"mailto:burlantis@gmail.com\" target=\"_blank\">\n\t\t\t\t\t\t<span class=\"elementor-screen-only\">Envelope<\/span>\n\t\t\t\t\t\t<i class=\"fas fa-envelope\"><\/i>\t\t\t\t\t<\/a>\n\t\t\t\t<\/span>\n\t\t\t\t\t<\/div>\n\t\t\t\t<\/div>\n\t\t\t\t<\/div>\n\t\t\t\t<div class=\"elementor-element elementor-element-7fc98d7 elementor-widget elementor-widget-text-editor\" data-id=\"7fc98d7\" data-element_type=\"widget\" data-widget_type=\"text-editor.default\">\n\t\t\t\t<div class=\"elementor-widget-container\">\n\t\t\t\t\t\t\t<p><span style=\"font-weight: 400;\">burlantins@gmail.com<\/span><\/p>\t\t\t\t\t\t<\/div>\n\t\t\t\t<\/div>\n\t\t\t\t<div class=\"elementor-element elementor-element-3ef09f9 elementor-hidden-phone elementor-widget elementor-widget-image\" data-id=\"3ef09f9\" data-element_type=\"widget\" data-widget_type=\"image.default\">\n\t\t\t\t<div class=\"elementor-widget-container\">\n\t\t\t\t\t\t\t\t\t\t\t\t\t\t\t<img loading=\"lazy\" decoding=\"async\" width=\"800\" height=\"177\" src=\"http:\/\/www.festejo.art.br\/2021agosto\/wp-content\/uploads\/2021\/08\/logos_rodape-min.jpg\" class=\"attachment-large size-large\" alt=\"\" \/>\t\t\t\t\t\t\t\t\t\t\t\t\t\t\t<\/div>\n\t\t\t\t<\/div>\n\t\t\t\t<div class=\"elementor-element elementor-element-47158df elementor-hidden-desktop elementor-hidden-tablet elementor-widget elementor-widget-image\" data-id=\"47158df\" data-element_type=\"widget\" data-widget_type=\"image.default\">\n\t\t\t\t<div class=\"elementor-widget-container\">\n\t\t\t\t\t\t\t\t\t\t\t\t\t\t\t<img loading=\"lazy\" decoding=\"async\" width=\"555\" height=\"364\" src=\"http:\/\/www.festejo.art.br\/2021agosto\/wp-content\/uploads\/2021\/08\/logos_rodape_mobile-min.jpg\" class=\"attachment-large size-large\" alt=\"\" \/>\t\t\t\t\t\t\t\t\t\t\t\t\t\t\t<\/div>\n\t\t\t\t<\/div>\n\t\t\t\t\t<\/div>\n\t\t<\/div>\n\t\t\t\t\t\t\t<\/div>\n\t\t<\/section>\n\t\t\t\t<section class=\"elementor-section elementor-top-section elementor-element elementor-element-763b2da elementor-section-boxed elementor-section-height-default elementor-section-height-default\" data-id=\"763b2da\" data-element_type=\"section\">\n\t\t\t\t\t\t<div class=\"elementor-container elementor-column-gap-default\">\n\t\t\t\t\t<div class=\"elementor-column elementor-col-100 elementor-top-column elementor-element elementor-element-7b6dd61\" data-id=\"7b6dd61\" data-element_type=\"column\">\n\t\t\t<div class=\"elementor-widget-wrap\">\n\t\t\t\t\t\t\t\t\t<\/div>\n\t\t<\/div>\n\t\t\t\t\t\t\t<\/div>\n\t\t<\/section>\n\t\t\t\t\t\t<\/div>\n\t\t\t\t\t<\/div>\n\t\t","protected":false},"excerpt":{"rendered":"<p>PATROC\u00cdNIO A programa\u00e7\u00e3o de agosto de 2021 do Festejo do Tambor Mineiro \u00e9 viabilizada pelo Pr\u00eamio Funarte Festivais de M\u00fasica 2020.\u00a0 \u00a0 Sobre o Programa Funarte de Toda Gente O Pr\u00eamio Funarte Festivais de M\u00fasica faz parte do Programa Funarte de Toda Gente, que re\u00fane diversas a\u00e7\u00f5es, em todas as \u00e1reas de alcance da Funarte [&hellip;]<\/p>\n","protected":false},"author":1,"featured_media":0,"parent":0,"menu_order":0,"comment_status":"closed","ping_status":"closed","template":"elementor_header_footer","meta":{"footnotes":""},"_links":{"self":[{"href":"http:\/\/www.festejo.art.br\/2021agosto\/wp-json\/wp\/v2\/pages\/696"}],"collection":[{"href":"http:\/\/www.festejo.art.br\/2021agosto\/wp-json\/wp\/v2\/pages"}],"about":[{"href":"http:\/\/www.festejo.art.br\/2021agosto\/wp-json\/wp\/v2\/types\/page"}],"author":[{"embeddable":true,"href":"http:\/\/www.festejo.art.br\/2021agosto\/wp-json\/wp\/v2\/users\/1"}],"replies":[{"embeddable":true,"href":"http:\/\/www.festejo.art.br\/2021agosto\/wp-json\/wp\/v2\/comments?post=696"}],"version-history":[{"count":7,"href":"http:\/\/www.festejo.art.br\/2021agosto\/wp-json\/wp\/v2\/pages\/696\/revisions"}],"predecessor-version":[{"id":911,"href":"http:\/\/www.festejo.art.br\/2021agosto\/wp-json\/wp\/v2\/pages\/696\/revisions\/911"}],"wp:attachment":[{"href":"http:\/\/www.festejo.art.br\/2021agosto\/wp-json\/wp\/v2\/media?parent=696"}],"curies":[{"name":"wp","href":"https:\/\/api.w.org\/{rel}","templated":true}]}}

Patrocínio

<div data-elementor-type="wp-page" data-elementor-id="696" class="elementor elementor-696" data-elementor-settings="[]">
							<div class="elementor-section-wrap">
							<section class="elementor-section elementor-top-section elementor-element elementor-element-4fca988 elementor-section-height-min-height elementor-section-items-top elementor-section-boxed elementor-section-height-default" data-id="4fca988" data-element_type="section" data-settings="{&quot;background_background&quot;:&quot;classic&quot;}">
						<div class="elementor-container elementor-column-gap-no">
					<div class="elementor-column elementor-col-33 elementor-top-column elementor-element elementor-element-65e7686" data-id="65e7686" data-element_type="column">
			<div class="elementor-widget-wrap">
									</div>
		</div>
				<div class="elementor-column elementor-col-33 elementor-top-column elementor-element elementor-element-3d0857c" data-id="3d0857c" data-element_type="column" data-settings="{&quot;background_background&quot;:&quot;classic&quot;}">
			<div class="elementor-widget-wrap elementor-element-populated">
								<section class="elementor-section elementor-inner-section elementor-element elementor-element-aa632d4 elementor-section-height-min-height elementor-section-boxed elementor-section-height-default" data-id="aa632d4" data-element_type="section">
						<div class="elementor-container elementor-column-gap-default">
					<div class="elementor-column elementor-col-100 elementor-inner-column elementor-element elementor-element-57709f2" data-id="57709f2" data-element_type="column">
			<div class="elementor-widget-wrap elementor-element-populated">
								<div class="elementor-element elementor-element-3eed4b5 elementor-hidden-desktop elementor-widget elementor-widget-image" data-id="3eed4b5" data-element_type="widget" data-widget_type="image.default">
				<div class="elementor-widget-container">
															<img loading="lazy" decoding="async" width="207" height="300" src="http://www.festejo.art.br/2021agosto/wp-content/uploads/2021/08/logo-min.png" class="attachment-large size-large" alt="" />															</div>
				</div>
				<div class="elementor-element elementor-element-a53e7e7 elementor-widget elementor-widget-heading" data-id="a53e7e7" data-element_type="widget" data-widget_type="heading.default">
				<div class="elementor-widget-container">
			<h2 class="elementor-heading-title elementor-size-default">PATROCÍNIO</h2>		</div>
				</div>
				<div class="elementor-element elementor-element-cade422 elementor-widget elementor-widget-text-editor" data-id="cade422" data-element_type="widget" data-widget_type="text-editor.default">
				<div class="elementor-widget-container">
							<p>A programação de agosto de 2021 do <b>Festejo do Tambor Mineiro</b> é viabilizada pelo <b>Prêmio Funarte Festivais de Música 2020</b>. </p><p> </p><p><b>Sobre o Programa Funarte de Toda Gente</b></p><p>O Prêmio Funarte Festivais de Música faz parte do Programa Funarte de Toda Gente, que reúne diversas ações, em todas as áreas de alcance da Funarte – circo, música, dança, teatro, artes visuais e artes integradas. Iniciada em 2020, a iniciativa tem como foco a missão principal da instituição: incentivar a cadeia produtiva das artes brasileiras e levar as manifestações artísticas todo o país, desenvolvendo um trabalho que possa contemplar todos os cidadãos.</p><p> </p><p><b>Sobre a Funarte</b></p><p>Criada em 1975, a Fundação Nacional de Artes – Funarte é o órgão do Governo Federal brasileiro cuja missão é promover e incentivar a produção, a prática, o desenvolvimento e a difusão das artes no país. É responsável pelas políticas públicas federais de estímulo à atividade produtiva artística brasileiras; e atua para que a população possa cada vez mais usufruir das artes. </p>						</div>
				</div>
					</div>
		</div>
							</div>
		</section>
					</div>
		</div>
				<div class="elementor-column elementor-col-33 elementor-top-column elementor-element elementor-element-d418589" data-id="d418589" data-element_type="column">
			<div class="elementor-widget-wrap">
									</div>
		</div>
							</div>
		</section>
				<section class="elementor-section elementor-top-section elementor-element elementor-element-b4e81e8 elementor-section-boxed elementor-section-height-default elementor-section-height-default" data-id="b4e81e8" data-element_type="section">
						<div class="elementor-container elementor-column-gap-default">
					<div class="elementor-column elementor-col-100 elementor-top-column elementor-element elementor-element-976940a" data-id="976940a" data-element_type="column">
			<div class="elementor-widget-wrap elementor-element-populated">
								<div class="elementor-element elementor-element-b9bbc56 elementor-shape-circle e-grid-align-right e-grid-align-mobile-left elementor-grid-0 elementor-widget elementor-widget-social-icons" data-id="b9bbc56" data-element_type="widget" data-widget_type="social-icons.default">
				<div class="elementor-widget-container">
					<div class="elementor-social-icons-wrapper elementor-grid">
							<span class="elementor-grid-item">
					<a class="elementor-icon elementor-social-icon elementor-social-icon-facebook elementor-repeater-item-d533e3a" href="https://www.facebook.com/burlantins" target="_blank">
						<span class="elementor-screen-only">Facebook</span>
						<i class="fab fa-facebook"></i>					</a>
				</span>
							<span class="elementor-grid-item">
					<a class="elementor-icon elementor-social-icon elementor-social-icon-instagram elementor-repeater-item-a60936e" href="https://www.instagram.com/ciaburlantins/" target="_blank">
						<span class="elementor-screen-only">Instagram</span>
						<i class="fab fa-instagram"></i>					</a>
				</span>
							<span class="elementor-grid-item">
					<a class="elementor-icon elementor-social-icon elementor-social-icon-youtube elementor-repeater-item-b6eb838" href="https://www.youtube.com/ciaburlantins" target="_blank">
						<span class="elementor-screen-only">Youtube</span>
						<i class="fab fa-youtube"></i>					</a>
				</span>
							<span class="elementor-grid-item">
					<a class="elementor-icon elementor-social-icon elementor-social-icon-envelope elementor-repeater-item-d431c3a" href="mailto:burlantis@gmail.com" target="_blank">
						<span class="elementor-screen-only">Envelope</span>
						<i class="fas fa-envelope"></i>					</a>
				</span>
					</div>
				</div>
				</div>
				<div class="elementor-element elementor-element-7fc98d7 elementor-widget elementor-widget-text-editor" data-id="7fc98d7" data-element_type="widget" data-widget_type="text-editor.default">
				<div class="elementor-widget-container">
							<p><span style="font-weight: 400;">burlantins@gmail.com</span></p>						</div>
				</div>
				<div class="elementor-element elementor-element-3ef09f9 elementor-hidden-phone elementor-widget elementor-widget-image" data-id="3ef09f9" data-element_type="widget" data-widget_type="image.default">
				<div class="elementor-widget-container">
															<img loading="lazy" decoding="async" width="800" height="177" src="http://www.festejo.art.br/2021agosto/wp-content/uploads/2021/08/logos_rodape-min.jpg" class="attachment-large size-large" alt="" />															</div>
				</div>
				<div class="elementor-element elementor-element-47158df elementor-hidden-desktop elementor-hidden-tablet elementor-widget elementor-widget-image" data-id="47158df" data-element_type="widget" data-widget_type="image.default">
				<div class="elementor-widget-container">
															<img loading="lazy" decoding="async" width="555" height="364" src="http://www.festejo.art.br/2021agosto/wp-content/uploads/2021/08/logos_rodape_mobile-min.jpg" class="attachment-large size-large" alt="" />															</div>
				</div>
					</div>
		</div>
							</div>
		</section>
				<section class="elementor-section elementor-top-section elementor-element elementor-element-763b2da elementor-section-boxed elementor-section-height-default elementor-section-height-default" data-id="763b2da" data-element_type="section">
						<div class="elementor-container elementor-column-gap-default">
					<div class="elementor-column elementor-col-100 elementor-top-column elementor-element elementor-element-7b6dd61" data-id="7b6dd61" data-element_type="column">
			<div class="elementor-widget-wrap">
									</div>
		</div>
							</div>
		</section>
						</div>
					</div>

<p>PATROCÍNIO A programação de agosto de 2021 do Festejo do Tambor Mineiro é viabilizada pelo Prêmio Funarte Festivais de Música 2020.    Sobre o Programa Funarte de Toda Gente O Prêmio Funarte Festivais de Música faz parte do Programa Funarte de Toda Gente, que reúne diversas ações, em todas as áreas de alcance da Funarte [&hellip;]</p>
